{"id":8,"date":"2014-12-11T11:30:20","date_gmt":"2014-12-11T09:30:20","guid":{"rendered":"http:\/\/www.fewo-gerstmann.de\/?page_id=8"},"modified":"2021-11-08T16:13:35","modified_gmt":"2021-11-08T14:13:35","slug":"impressum","status":"publish","type":"page","link":"https:\/\/www.fewo-gerstmann.de\/?page_id=8","title":{"rendered":"Impressum"},"content":{"rendered":"<p>Ferienwohnung Gerstmann<br \/>\nTobias Gerstmann<br \/>\nAn der B\u00fcmmert 37<br \/>\n59889 Eslohe- Wenholthausen<\/p>\n<p>&nbsp;<\/p>\n<p><span class=\"st\">Telefon u. WhatsApp: 0162-7092347 <\/span><br \/>\nE-Mail: <span class=\"st\">t-gerstmann[at]gmx.de<\/span><br \/>\nInternet: www.fewo-gerstmann.de<\/p>\n<p>&nbsp;<\/p>\n<p>Gestaltung der Website: <a href=\"http:\/\/www.basis-wisssen.net\" target=\"_blank\" rel=\"noopener\">http:\/\/www.basis-wisssen.net<\/a><\/p>\n<p>&nbsp;<\/p>\n<p>Inhaltlich Verantwortlicher gem\u00e4\u00df \u00a7 55 Abs. 2 RStV: Tobias Gerstmann (Anschrift wie oben) Haftungshinweis: Trotz sorgf\u00e4ltiger inhaltlicher Kontrolle \u00fcbernehmen wir keine Haftung f\u00fcr die Inhalte externer Links. F\u00fcr den Inhalt der verlinkten Seiten sind ausschlie\u00dflich deren Betreiber verantwortlich.<\/p>\n<p>&nbsp;<\/p>\n","protected":false},"excerpt":{"rendered":"<p>Ferienwohnung Gerstmann Tobias Gerstmann An der B\u00fcmmert 37 59889 Eslohe- Wenholthausen &nbsp; Telefon u. WhatsApp: 0162-7092347 E-Mail: t-gerstmann[at]gmx.de Internet: www.fewo-gerstmann.de &nbsp; Gestaltung der Website: http:\/\/www.basis-wisssen.net &nbsp; Inhaltlich Verantwortlicher gem\u00e4\u00df \u00a7 55 Abs. 2 RStV: Tobias Gerstmann (Anschrift wie oben) Haftungshinweis: Trotz sorgf\u00e4ltiger inhaltlicher Kontrolle \u00fcbernehmen wir keine Haftung f\u00fcr die Inhalte externer Links. F\u00fcr den [&hellip;]<\/p>\n","protected":false},"author":1,"featured_media":0,"parent":0,"menu_order":0,"comment_status":"open","ping_status":"open","template":"","meta":{"footnotes":""},"class_list":["post-8","page","type-page","status-publish","hentry","post"],"_links":{"self":[{"href":"https:\/\/www.fewo-gerstmann.de\/index.php?rest_route=\/wp\/v2\/pages\/8","targetHints":{"allow":["GET"]}}],"collection":[{"href":"https:\/\/www.fewo-gerstmann.de\/index.php?rest_route=\/wp\/v2\/pages"}],"about":[{"href":"https:\/\/www.fewo-gerstmann.de\/index.php?rest_route=\/wp\/v2\/types\/page"}],"author":[{"embeddable":true,"href":"https:\/\/www.fewo-gerstmann.de\/index.php?rest_route=\/wp\/v2\/users\/1"}],"replies":[{"embeddable":true,"href":"https:\/\/www.fewo-gerstmann.de\/index.php?rest_route=%2Fwp%2Fv2%2Fcomments&post=8"}],"version-history":[{"count":6,"href":"https:\/\/www.fewo-gerstmann.de\/index.php?rest_route=\/wp\/v2\/pages\/8\/revisions"}],"predecessor-version":[{"id":310,"href":"https:\/\/www.fewo-gerstmann.de\/index.php?rest_route=\/wp\/v2\/pages\/8\/revisions\/310"}],"wp:attachment":[{"href":"https:\/\/www.fewo-gerstmann.de\/index.php?rest_route=%2Fwp%2Fv2%2Fmedia&parent=8"}],"curies":[{"name":"wp","href":"https:\/\/api.w.org\/{rel}","templated":true}]}}